ime?
True
Is 196074773 a prime number?
True
Is 132912501 a composite number?
True
Is 3212593 a prime number?
True
Is 24793259 composite?
True
Is 51313849 a prime number?
True
Is 14351135 prime?
False
Is 404765593 composite?
False
Is 84031807 a composite number?
False
Is 249311 composite?
False
Is 153677659 composite?
False
Is 28171057 composite?
True
Is 20547001 prime?
False
Is 436656365 a prime number?
False
Is 76379 prime?
True
Is 30735709 composite?
False
Is 2510941 prime?
True
Is 56120869 a composite number?
True
Is 302483 a prime number?
True
Is 96507787 a composite number?
True
Is 9365947 a prime number?
True
Is 110759413 a composite number?
False
Is 371549 a composite number?
False
Is 287375867 composite?
True
Is 7895323 a composite number?
True
Is 2598067 a prime number?
False
Is 514675958 a composite number?
True
Is 664529 composite?
False
Is 697933699 composite?
False
Is 386177 composite?
True
Is 13014403 prime?
True
Is 275265427 composite?
False
Is 133249355 prime?
False
Is 26925733 a prime number?
False
Is 7739861 composite?
True
Is 2605927 composite?
False
Is 6454381 composite?
True
Is 3694981 prime?
True
Is 333733 composite?
True
Is 653868893 a prime number?
False
Is 6771041 a composite number?
False
Is 6379333 prime?
False
Is 9633049 prime?
False
Is 5318843 composite?
False
Is 119840807 prime?
False
Is 3190763 a composite number?
True
Is 68909899 prime?
False
Is 9630419 a prime number?
True
Is 3476471 a composite number?
False
Is 1595417 composite?
False
Is 10909247 a composite number?
True
Is 1707067 composite?
False
Is 60591217 composite?
True
Is 285613351 composite?
False
Is 522895 prime?
False
Is 7967297 composite?
True
Is 15412069 a composite number?
False
Is 397765981 composite?
True
Is 233939 a prime number?
True
Is 5546377 composite?
False
Is 2608993 a composite number?
False
Is 563387457 prime?
False
Is 6963283 prime?
False
Is 41482337 prime?
False
Is 1649598997 composite?
True
Is 137650749 a composite number?
True
Is 715137403 prime?
False
Is 14804437 prime?
False
Is 3249299 a prime number?
False
Is 360666149 a composite number?
False
Is 142008839 prime?
False
Is 21571193 a composite number?
True
Is 1332631 prime?
True
Is 178205221 composite?
False
Is 56914031 composite?
False
Is 78000479 a prime number?
False
Is 4496473 a prime number?
True
Is 272690347 composite?
False
Is 302237729 a composite number?
False
Is 491345 a composite number?
True
Is 95150731 prime?
False
Is 2461511 composite?
True
Is 204757219 prime?
True
Is 4534399 prime?
False
Is 81401821 a composite number?
True
Is 745579 a composite number?
True
Is 9520971 a prime number?
False
Is 13512571 prime?
True
Is 52108907 a composite number?
False
Is 12270707 composite?
True
Is 141083369 a composite number?
True
Is 1523701 prime?
True
Is 6473303 a prime number?
False
Is 11554903 a composite number?
True
Is 1177061 prime?
False
Is 1647563 composite?
False
Is 508449 a composite number?
True
Is 57068122 prime?
False
Is 973099 a composite number?
False
Is 644747 composite?
False
Is 61010401 a composite number?
True
Is 12203041 prime?
False
Is 15696179 prime?
True
Is 62852569 composite?
True
Is 58967761 composite?
False
Is 8275385 a composite number?
True
Is 58099 a prime number?
True
Is 378294277 a composite number?
True
Is 20670481 composite?
True
Is 3951573 a prime number?
False
Is 1506121 composite?
False
Is 60653407 a composite number?
False
Is 104368003 a composite number?
False
Is 1549529 a prime number?
True
Is 3989233 composite?
False
Is 73452823 a composite number?
True
Is 171037 a prime number?
False
Is 352437509 prime?
True
Is 1671431 prime?
True
Is 94102483 a composite number?
False
Is 1120921 prime?
False
Is 13250173 prime?
True
Is 24704215 a composite number?
True
Is 20737627 a composite number?
False
Is 341900347 prime?
True
Is 696569 prime?
True
Is 99917 a composite number?
True
Is 25012921 composite?
False
Is 25339033 a composite number?
False
Is 301841 a prime number?
True
Is 108718807 prime?
False
Is 9651653 composite?
True
Is 4770487 composite?
False
Is 757109 prime?
True
Is 13858381 composite?
False
Is 1819331 prime?
False
Is 2322457 prime?
True
Is 17124241 a prime number?
True
Is 7097635 prime?
False
Is 3263879 a composite number?
False
Is 6457229 composite?
True
Is 6583573 a prime number?
False
Is 192105859 a prime number?
False
Is 1609019 a composite number?
True
Is 43894831 prime?
False
Is 475045573 a prime number?
False
Is 8297215 composite?
True
Is 16018529 prime?
True
Is 240361018 prime?
False
Is 108701053 a composite number?
True
Is 805921 a composite number?
True
Is 27689 a prime number?
True
Is 1633771 prime?
False
Is 1260505 composite?
True
Is 110332571 a composite number?
False
Is 8313191 a prime number?
False
Is 5403647 prime?
True
Is 195555727 a prime number?
True
Is 153316657 a composite number?
True
Is 1680391 a prime number?
False
Is 550643041 prime?
False
Is 212576011 composite?
False
Is 2455877 a composite number?
True
Is 11938843 a prime number?
False
Is 45701077 a composite number?
True
Is 6000299 a prime number?
False
Is 244836691 a prime number?
False
Is 3546269 composite?
False
Is 47503859 a prime number?
False
Is 113479463 a composite number?
False
Is 16998577 composite?
True
Is 4627409 composite?
False
Is 1996271 a composite number?
True
Is 15132487 a composite number?
True
Is 699001915 composite?
True
Is 8379073 a composite number?
False
Is 3177589 composite?
True
Is 17419289 prime?
False
Is 35905237 composite?
True
Is 26289358 a composite number?
True
Is 169693019 composite?
False
Is 321752737 a prime number?
False
Is 17627339 prime?
False
Is 4963157 prime?
True
Is 38945759 composite?
True
Is 3529651 composite?
True
Is 33387023 a composite number?
False
Is 3483659 prime?
True
Is 6767797 prime?
True
Is 123713041 prime?
False
Is 1574623 a composite number?
False
Is 2944493 prime?
True
Is 22578083 a composite number?
True
Is 4449107 a composite number?
True
Is 17274143 composite?
True
Is 105474277 composite?
False
Is 9149053 composite?
False
Is 845443 composite?
True
Is 5724227 a composite number?
True
Is 229523 composite?
True
Is 3583357 a composite number?
False
Is 8075773 prime?
True
Is 553667 composite?
False
Is 1226109349 a prime number?
False
Is 4331543 a prime number?
True
Is 3199303 a prime number?
True
Is 81051491 composite?
True
Is 136420309 a prime number?
False
Is 9689891 composite?
False
Is 122939 a composite number?
False
Is 88055719 a prime number?
False
Is 65119427 composite?
True
Is 3847013 prime?
True
Is 571907 composite?
True
Is 11008649 composite?
False
Is 6448973 prime?
True
Is 232841153 a composite number?
False
Is 8926417 a prime number?
True
Is 11167979 prime?
True
Is 311802623 composite?
True
Is 758962109 a prime number?
True
Is 23006981 a composite number?
False
Is 21993779 composite?
False
Is 159607229 a prime number?
True
Is 4777223 a composite number?
True
Is 7823063 a composite number?
True
Is 39366709 composite?
False
Is 4617857 a composite number?
False
Is 770682853 a composite number?
False
Is 77252003 composite?
True
Is 21690659 prime?
False
Is 7025429 a composite number?
False
Is 3851059 composite?
False
Is 11718359 prime?
True
Is 3920957 a composite number?
False
Is 11612891 a prime number?
True
Is 29815417 a prime number?
True
Is 49318826 composite?
True
Is 437460643 a composite number?
True
Is 162687355 a composite number?
True
Is 205786745 a prime number?
False
Is 6882033 a composite number?
True
Is 3028981 a composite number?
True
Is 98599669 a composite number?
True
Is 2636331 a prime number?
False
Is 121559887 prime?
True
Is 188316595 a prime number?
False
Is 5282413 composite?
True
Is 373823 a prime number?
True
Is 59845349 composite?
True
Is 417199 composite?
True
Is 11745014 composite?
True
Is 608459 a composite number?
False
Is 3034571 composite?
True
Is 7094089 a prime number?
False
Is 87343343 composite?
True
Is 4046909 a prime number?
False
Is 15163037 composite?
True
Is 59613167 a prime number?
False
Is 1249697 prime?
False
Is 2584247 a prime number?
False
Is 1017881 a prime number?
True
Is 765653 prime?
False
Is 1021103 a prime number?
False
Is 10605523 a prime number?
True
Is 69241427 composite?
False
Is 11259863 a prime number?
False
Is 1593821 a composite numbe